 - 5*x - 202, -4*x + 93 = 5*d - 139. Calculate the greatest common factor of d and q.
24
Suppose 0 = -3*i - 2*i. Suppose -4*x + 174 + 78 = i. Calculate the highest common factor of 9 and x.
9
Let b = -6 - 140. Let s = 290 + b. Let o be (s/(-90))/((-1)/5). What is the highest common factor of 2 and o?
2
Let g(t) = 4*t + 2. Let a be g(-3). Let f be (-8)/10 - 218/a. Suppose 3*u - 4*i - 226 - 14 = 0, -177 = -2*u - 3*i. What is the highest common factor of f and u?
21
Suppose -14*k = w - 15*k - 8, 4*w - 3*k = 28. Calculate the greatest common factor of 34 and w.
2
Suppose 10 + 26 = 4*f. Let p = 419 + -320. Calculate the highest common divisor of f and p.
9
Let j be 9 + (1 + 3)/(-1). Suppose 0 = 2*g + j - 117. What is the greatest common factor of g and 21?
7
Let m be (-2)/(-4)*6 - (-681)/3. Calculate the highest common divisor of 20 and m.
10
Let c be (-4)/6*(5 - 3)*-3. Let o be 4/8 + 142/c. Calculate the highest common divisor of 48 and o.
12
Let r = 2 + 31. Let v(l) = -l**3 + 3*l**2 + 3*l. Let d be v(3). Suppose -d - 2 = -z. What is the greatest common divisor of r and z?
11
Let l be 9/(-15) + (-6)/(-10). Suppose l*a = -5*a + 40. Suppose -2*k - 2*b - b = 1, k + 4*b + 3 = 0. What is the highest common divisor of a and k?
1
Let o(n) = -n**2 - 11*n - 20. Let c be o(-8). Let d be 1/c - ((-127)/4 - 0). What is the greatest common divisor of 48 and d?
16
Let s(p) = 10*p**2 - 34*p - 163. Let u be s(-8). Calculate the highest common divisor of 7 and u.
7
Suppose -22*l + 561 = 11*l. Calculate the highest common factor of l and 51.
17
Let j(y) = -y + 25 - 3 - 3*y + 5*y. Suppose -2*x = -3*r - x - 38, 2*r = 3*x - 16. Let b be j(r). What is the greatest common divisor of 2 and b?
2
Suppose -490 = -2*v - d, 36 = -d + 38. Calculate the highest common factor of 183 and v.
61
Let s = -1 - 1. Let q be 1/s + (-174)/(-12). Suppose -2*i + 4*r = -20, -i + 22 = 4*i - 3*r. Calculate the greatest common divisor of i and q.
2
Suppose 5*o - 5*k = -20, 0 = o + 2*k - 6 - 2. Let s be (1*-33)/(-3) - o. What is the greatest common factor of 22 and s?
11
Let p be 8 + -4 - (-40)/5. Suppose 4*y - p = 0, -5*w + 4*y - y + 36 = 0. Calculate the highest common divisor of w and 81.
9
Let b(h) = -2*h**3 + h**2 - 7*h + 14. Let y be b(0). What is the greatest common factor of 5 and y?
1
Suppose 7*i + 6 = 8*i. Suppose 0 = 8*m - 15 - 1. Calculate the greatest common factor of m and i.
2
Suppose -296 + 8 = -2*c. What is the highest common divisor of 216 and c?
72
Let a be 6/(-10) + 63/5. Let h(k) = 6*k + 6. Let o = -15 + 17. Let y be h(o). What is the highest common divisor of a and y?
6
Suppose 0 = 5*s + 44 - 29. Let q be s + 1 - 10/(-1). Suppose -5*n + h = 2*h - 99, -2*h - 42 = -2*n. Calculate the greatest common factor of q and n.
4
Let l(s) be the first derivative of 1/2*s**2 - 2 + 3*s. Let h be l(4). Calculate the highest common divisor of 21 and h.
7
Suppose -16 = -2*h + 2*w, -3*h = -5*w - 16 + 2. Let n(u) = -u**2 + 28*u - 6. Let l be n(h). Calculate the highest common factor of 27 and l.
27
Suppose -31 = -5*p - 1. Let z(y) = p - 2*y - 14 + 9. Let m be z(0). Calculate the greatest common factor of 8 and m.
1
Let l(h) = -2*h**2 + 19*h + 31. Let d be l(10). Suppose -5 = -2*q + d. Calculate the greatest common divisor of q and 13.
13
Suppose -206 - 214 = -5*j. Suppose -14*b - j = -17*b. What is the greatest common factor of 70 and b?
14
Suppose 3*q + u - 63 = -2*q, 2*u = 3*q - 30. Suppose 3*m + 2*w - q = -2*w, 3*m - 18 = -2*w. Calculate the greatest common divisor of 16 and m.
8
Let k be 0*1*(-4)/8. Suppose k = 6*j - j - 45. Suppose 3*a - 72 = -j. What is the greatest common factor of a and 231?
21
Let v be 4/22 - (-9 - (-19881)/(-99)). Suppose -20 = 3*k - 110. What is the highest common divisor of k and v?
30
Let r(f) = -4 + 1 - 2 + f. Let j be r(8). What is the greatest common divisor of j and 33?
3
Suppose 0 = 4*n - 15*n + 264. Calculate the greatest common factor of n and 66.
6
Suppose 8*i - i = 0. Suppose 18*c - 21*c + 39 = i. What is the greatest common factor of c and 117?
13
Let v be 7 + -7 - (-3)/1. Suppose -4*b - v = -7*b. Let t be b/(-2)*(-90 + -2). Calculate the highest common factor of 115 and t.
23
Let y = 9 + -6. Suppose -5*j = y*i + 15, 5*i = -6*j + 3*j - 9. Let h be -1 - (1 + i)*-85. Calculate the greatest common divisor of 21 and h.
21
Let z = -208 + 216. What is the greatest common divisor of z and 4?
4
Suppose -2*q - 5 = o, q + 3*o - 3 + 18 = 0. Let b = 8 - q. Suppose 12*w - 180 = b*w. What is the greatest common factor of 5 and w?
5
Suppose -z - 268 = -295. Let d be (1 - -44)*4/10. Calculate the greatest common factor of d and z.
9
Suppose -40*y - 930 = -70*y. Suppose f - 58 = -3*i + 30, 3*i - 2*f = 103. What is the highest common divisor of y and i?
31
Suppose -5*k + i + 429 = 0, -26*k = -29*k - 2*i + 247. Let q(b) = 5*b + 2. Let w be q(3). Calculate the highest common factor of w and k.
17
Suppose 0 = 12*y - 6087 + 807. What is the greatest common divisor of 40 and y?
40
Suppose -6*f + 30 = -3*f. Suppose 8*u = 6*u - 230. Let c be 2/12 - u/30. What is the greatest common factor of f and c?
2
Suppose -s - 4*s + 10 = 0. Let v(r) = -7 + 7 + 0 + 15*r**s. Let o be v(-1). What is the highest common factor of o and 75?
15
Suppose 5*s = 4*s + 2. Let t be 1/((2/5)/s). Let q be (1/(-1))/(1/(-5)). Calculate the greatest common divisor of q and t.
5
Let p(j) = j**2 - 21*j + 0*j**2 + 7 + 5*j**2 - 4*j**2. Let s be p(11). What is the greatest common divisor of s and 6?
6
Let g(q) = q**3 + 3*q**2 - 5*q. Let f be g(-4). Let j(h) = f*h + 5 + 2 - 17. Let u be j(5). What is the highest common factor of u and 40?
10
Let s be 11/44 + 1/(-4) - -18. Calculate the greatest common divisor of s and 3636.
18
Let j be (2 - (-30)/(-12))/(2/(-24)). What is the greatest common factor of j and 24?
6
Let g(b) = -b**3 + 9*b**2 + 10*b + 10. Let x = -9 - -19. Let c be g(x). Let t = 9 - 7. Calculate the highest common factor of t and c.
2
Let q be 1 - (-11)/(55/90). Let n be 36/270 - 6266/(-30). What is the greatest common divisor of q and n?
19
Let p = -11 - -19. Let k be ((-6)/p)/(4/(-192)). Calculate the greatest common factor of k and 12.
12
Suppose 2*v + 2*g + 26 = 8, -4 = -g. Let d be (2/(-3))/(4/(-144)). Let w = d + v. What is the highest common divisor of w and 11?
11
Suppose -4*a - k + 21 = -41, 47 = 3*a + k. Suppose 2*x = -76 + 286. Calculate the highest common factor of a and x.
15
Suppose 0 = -5*i - 0*i, -4*t = -2*i - 284. Suppose -2*j + t = -91. What is the highest common divisor of j and 9?
9
Let j be ((-6)/(-8))/(6/40). Suppose 0*x + 2*x + 4*l = 92, 4*x = -j*l + 181. What is the highest common factor of x and 110?
22
Let i = -152 + 161. Suppose x = -i*x + 2080. Calculate the greatest common factor of 16 and x.
16
Suppose -d - 3*w - 4 = 0, 2*d + 6*w - 3*w = -2. Suppose l + y - 4 = 0, 5*l + 2*y + d = 34. Calculate the greatest common factor of l and 24.
8
Let v be (-41)/(-4) + (-6)/(-8). Let r be (7 + -6)*(15 + 0). Suppose 2*m - r = 29. What is the highest common divisor of m and v?
11
Suppose -s = 33 - 83. Let c be (-5 - -5)*2/4 - -20. Calculate the highest common factor of s and c.
10
Suppose 0 = -6*a - 3*a + 45. Let l(p) = p - 1. Let b be l(a). Calculate the greatest common divisor of b and 12.
4
Let l be 2*((-12)/8 + 3). Suppose -c - 4 = -2*f, -l*f + 4*f - 3 = 0. Calculate the greatest common divisor of c and 1.
1
Suppose -643*l = -656*l + 4563. What is the highest common factor of l and 39?
39
Let v = -5 + 15. Suppose -234 = -5*i + 316. What is the highest common factor of v and i?
10
Suppose 0 = -3*t - 4*m + 184, 5*t + m - 225 - 59 = 0. Let h = -15 + 16. Suppose y + h - 9 = 0. Calculate the highest common divisor of t and y.
8
Let x = 44 + -65. Let y = x - -31. What is the highest common divisor of 2 and y?
2
Let h = 4 + -4. Let q = h - -8. Suppose 0 = 6*t - q*t + 36. What is the greatest common factor of 6 and t?
6
Suppose 0 = -z - 3 - 51. Let c be z - 1 - (-15 - -12). Let g = -36 - c. What is the greatest common divisor of 4 and g?
4
Let l be 10/(-2)*1058/(-230). Calculate the greatest common divisor of l and 1403.
23
Let o(v) = 2*v**2 - 47*v + 108. Let x be o(21). Calculate the greatest common divisor of 8 and x.
1
Let z be (-7 - -16) + -3*1. Suppose 0 = z*r - 0*r - 54. What is